ghest common divisor of 982957288 and 239?
239
What is the greatest common factor of 4602 and 119444?
26
What is the greatest common divisor of 4118625 and 42875?
875
What is the greatest common factor of 1197 and 16788429?
63
What is the greatest common factor of 2054 and 917506?
158
What is the highest common factor of 3938 and 366401365?
1969
What is the greatest common divisor of 118388 and 198356?
68
What is the highest common factor of 1544911 and 207005?
2179
What is the highest common divisor of 90 and 114457950?
90
What is the greatest common divisor of 13216750 and 8845?
145
What is the greatest common factor of 255384047 and 17?
17
What is the greatest common factor of 5705535 and 1510?
755
What is the highest common factor of 1936 and 6128254?
22
What is the highest common divisor of 9766 and 26?
2
What is the greatest common factor of 13839666 and 4233?
51
What is the greatest common divisor of 30236 and 996?
4
What is the greatest common divisor of 10051175 and 1000?
25
Calculate the greatest common divisor of 23793725 and 25.
25
What is the greatest common divisor of 221 and 347223929?
221
Calculate the greatest common factor of 48835930 and 5365.
185
What is the greatest common factor of 651200 and 1177?
11
What is the highest common divisor of 18015 and 59813403?
3603
What is the greatest common factor of 107353 and 5897489?
3463
What is the highest common divisor of 20353952 and 64?
32
Calculate the greatest common factor of 202422847 and 1166.
583
What is the greatest common divisor of 2353135 and 125?
5
Calculate the greatest common divisor of 6 and 43799646.
6
Calculate the highest common divisor of 4102040 and 1000.
40
What is the greatest common divisor of 17026431 and 116863?
5081
Calculate the highest common factor of 143490 and 39840.
30
What is the highest common divisor of 205947 and 693?
63
Calculate the highest common factor of 99 and 39289657.
11
Calculate the greatest common divisor of 3382640 and 5520.
80
Calculate the greatest common factor of 192 and 443686.
2
Calculate the greatest common divisor of 58646958 and 5732.
2866
What is the greatest common divisor of 26847 and 161867?
157
What is the highest common factor of 12376209 and 9?
3
Calculate the greatest common factor of 806 and 6499987.
403
What is the highest common factor of 4764086 and 7506?
278
Calculate the highest common factor of 10351782 and 5568.
174
What is the highest common divisor of 1462 and 117538?
34
Calculate the greatest common divisor of 13802 and 189726.
206
Calculate the greatest common factor of 78 and 506248158.
78
Calculate the greatest common divisor of 2632 and 5090617.
329
What is the greatest common factor of 94 and 36965218?
94
Calculate the highest common factor of 5826439 and 2653751.
4219
What is the highest common divisor of 183026439 and 4302?
2151
Calculate the highest common divisor of 940 and 95955764.
188
Calculate the greatest common divisor of 191492 and 2384144.
196
What is the greatest common divisor of 21410 and 27750?
10
Calculate the highest common factor of 234972 and 19045786.
13054
What is the greatest common factor of 46142536 and 88?
88
Calculate the greatest common divisor of 665 and 95685.
5
What is the greatest common divisor of 110 and 911770970?
110
What is the highest common factor of 1428 and 2164236?
204
What is the greatest common factor of 79245 and 3729211?
587
What is the greatest common divisor of 418 and 271309797?
209
Calculate the greatest common divisor of 8560 and 255391880.
4280
Calculate the greatest common divisor of 1293 and 330598119.
1293
What is the greatest common divisor of 4641 and 259147473?
663
Calculate the greatest common divisor of 789 and 74071057.
263
Calculate the greatest common divisor of 3219 and 299968953.
3219
What is the highest common divisor of 34711467 and 1785?
357
Calculate the greatest common divisor of 82 and 187844.
2
What is the highest common divisor of 8958 and 905502?
6
Calculate the highest common factor of 4261390 and 1193570.
1190
Calculate the greatest common factor of 1323 and 126595.
7
Calculate the greatest common factor of 75792 and 1104.
48
Calculate the greatest common divisor of 2794414 and 266.
14
Calculate the greatest common divisor of 2800 and 470050.
350
What is the greatest common factor of 90600 and 9592728?
3624
What is the highest common divisor of 525 and 25318713?
21
Calculate the greatest common divisor of 229951 and 357589.
1013
What is the greatest common factor of 49705284 and 123?
123
What is the greatest common factor of 1318016 and 720?
16
What is the greatest common divisor of 8624423 and 4845?
323
What is the highest common factor of 9885685 and 355?
355
Calculate the highest common factor of 11000 and 9805400.
2200
Calculate the greatest common factor of 345887649 and 16228.
4057
Calculate the greatest common divisor of 1746 and 371934.
18
What is the highest common factor of 8879712 and 15504?
816
Calculate the greatest common factor of 171290 and 37198.
14
What is the greatest common divisor of 1444466 and 12382?
302
What is the highest common divisor of 18 and 166851582?
6
Calculate the highest common factor of 29589 and 866535.
4227
What is the highest common divisor of 528250188 and 4?
4
Calculate the greatest common divisor of 61721 and 173217.
1991
What is the highest common divisor of 47976120 and 213?
213
Calculate the highest common divisor of 529000 and 104000.
1000
What is the highest common factor of 54 and 4893672?
6
What is the greatest common factor of 42 and 2410149?
21
Calculate the greatest common factor of 558899497 and 26.
13
What is the highest common factor of 105151 and 49629?
71
What is the greatest common factor of 2800392 and 25109?
1477
Calculate the highest common divisor of 13461781 and 30608.
1913
What is the highest common factor of 17563 and 5437523?
91
What is the greatest common divisor of 530962844 and 3704?
1852
What is the greatest common factor of 170 and 1801643?
17
What is the greatest common factor of 6511317 and 176198?
8009
What is the highest common divisor of 2965 and 379694935?
2965
What is the highest common factor of 212 and 24795838?
106
What is the greatest common divisor of 259 and 197224208?
37
What is the greatest common divisor of 23284093 and 224?
7
Calculate the highest common divisor of 79340 and 100.
20
What is the greatest common divisor of 39264 and 34547412?
4908
Calculate the greatest common factor of 275 and 1027507525.
275
What is the highest common divisor of 5681644 and 12?
4
Calculate the greatest common factor of 16325 and 720259.
653
Calculate the greatest common divisor of 187516 and 122692.
148
Calculate the greatest common factor of 48 and 7710936.
24
What is the highest common divisor of 36 and 39953904?
12
Calculate the greatest common factor of 2271 and 14186180.
757
What is the highest common divisor of 3594 and 9528892?
1198
What is the highest common factor of 14 and 3105136090?
14
Calculate the greatest common divisor of 55836 and 384084.
1692
Calculate the highest common divisor of 54173 and 25895191.
497
Calculate the highest common divisor of 1836510 and 2380.
170
Calculate the highest common factor of 12469 and 27787.
37
What is the highest common divisor of 26158 and 323572?
82
Calculate the highest common factor of 5305 and 15608371.
1061
Calculate the greatest common factor of 3175852 and 6372.
236
Calculate the greatest common divisor of 63270 and 377910.
1710
Calculate the highest common divisor of 6566272 and 5504.
5504
What is the highest common factor of 56265695 and 1994?
997
What is the highest common divisor of 23520 and 320456080?
3920
Calculate the greatest common divisor of 51878 and 4852.
2
Calculate the greatest common factor of 220 and 24934472.
4
Calculate the greatest common factor of 289959 and 10944.
57
What is the greatest common divisor of 77 and 4202462?
11
Calculate the highest common divisor of 21099493 and 1047.
349
Calculate the greatest common divisor of 679 and 2184052.
97
Calculate the greatest common factor of 1200500 and 4396.
28
What is the greatest common factor of 3962 and 57344007?
1981
What is the greatest common factor of 772 and 11100781?
193
What is the highest common divisor of 792 and 6552